divided by 42.
5
Calculate the remainder when 170 is divided by 32.
10
What is the remainder when 757 is divided by 314?
129
What is the remainder when 647 is divided by 65?
62
What is the remainder when 176 is divided by 61?
54
Calculate the remainder when 16164 is divided by 51.
48
Calculate the remainder when 158 is divided by 56.
46
Calculate the remainder when 6001 is divided by 1497.
13
What is the remainder when 4463 is divided by 62?
61
What is the remainder when 70792 is divided by 38?
36
What is the remainder when 13 is divided by 5?
3
Calculate the remainder when 130 is divided by 22.
20
What is the remainder when 163 is divided by 96?
67
What is the remainder when 1228 is divided by 307?
0
Calculate the remainder when 312 is divided by 50.
12
Calculate the remainder when 815 is divided by 796.
19
What is the remainder when 2012 is divided by 33?
32
Calculate the remainder when 114 is divided by 24.
18
Calculate the remainder when 148 is divided by 47.
7
What is the remainder when 316 is divided by 11?
8
What is the remainder when 3986 is divided by 210?
206
Calculate the remainder when 4953 is divided by 74.
69
Calculate the remainder when 69 is divided by 24.
21
Calculate the remainder when 43 is divided by 11.
10
What is the remainder when 77 is divided by 20?
17
Calculate the remainder when 5823 is divided by 2904.
15
What is the remainder when 2936 is divided by 210?
206
Calculate the remainder when 1213 is divided by 15.
13
Calculate the remainder when 665 is divided by 48.
41
What is the remainder when 4515 is divided by 33?
27
What is the remainder when 23 is divided by 5?
3
What is the remainder when 537 is divided by 12?
9
Calculate the remainder when 504 is divided by 16.
8
What is the remainder when 182 is divided by 37?
34
Calculate the remainder when 19 is divided by 1.
0
What is the remainder when 122 is divided by 84?
38
Calculate the remainder when 192 is divided by 108.
84
What is the remainder when 175 is divided by 45?
40
What is the remainder when 145 is divided by 41?
22
Calculate the remainder when 1112 is divided by 160.
152
Calculate the remainder when 5975 is divided by 14.
11
What is the remainder when 124 is divided by 26?
20
What is the remainder when 123 is divided by 90?
33
Calculate the remainder when 557 is divided by 460.
97
What is the remainder when 430 is divided by 102?
22
Calculate the remainder when 73 is divided by 13.
8
Calculate the remainder when 3999 is divided by 10.
9
What is the remainder when 1638 is divided by 815?
8
Calculate the remainder when 1559 is divided by 46.
41
Calculate the remainder when 559 is divided by 45.
19
Calculate the remainder when 402 is divided by 13.
12
Calculate the remainder when 462 is divided by 59.
49
What is the remainder when 5 is divided by 3?
2
What is the remainder when 4302 is divided by 123?
120
What is the remainder when 921 is divided by 49?
39
Calculate the remainder when 2337 is divided by 26.
23
What is the remainder when 416 is divided by 139?
138
What is the remainder when 563 is divided by 5?
3
Calculate the remainder when 125 is divided by 16.
13
What is the remainder when 12325 is divided by 8?
5
Calculate the remainder when 48 is divided by 26.
22
Calculate the remainder when 606 is divided by 134.
70
Calculate the remainder when 1943 is divided by 14.
11
Calculate the remainder when 332 is divided by 95.
47
What is the remainder when 14 is divided by 13?
1
Calculate the remainder when 794 is divided by 50.
44
Calculate the remainder when 63 is divided by 4.
3
What is the remainder when 446 is divided by 157?
132
What is the remainder when 401 is divided by 41?
32
What is the remainder when 1475 is divided by 122?
11
What is the remainder when 425 is divided by 400?
25
Calculate the remainder when 176 is divided by 34.
6
What is the remainder when 11597 is divided by 159?
149
What is the remainder when 5375 is divided by 84?
83
What is the remainder when 270 is divided by 8?
6
Calculate the remainder when 4153 is divided by 67.
66
What is the remainder when 331 is divided by 53?
13
Calculate the remainder when 290 is divided by 192.
98
What is the remainder when 1777 is divided by 13?
9
What is the remainder when 85 is divided by 23?
16
What is the remainder when 92 is divided by 14?
8
What is the remainder when 6708 is divided by 61?
59
Calculate the remainder when 371 is divided by 172.
27
What is the remainder when 51 is divided by 19?
13
What is the remainder when 2404 is divided by 591?
40
What is the remainder when 29975 is divided by 31?
29
Calculate the remainder when 153 is divided by 143.
10
What is the remainder when 2879 is divided by 18?
17
What is the remainder when 121 is divided by 11?
0
Calculate the remainder when 91 is divided by 46.
45
Calculate the remainder when 36 is divided by 17.
2
What is the remainder when 119 is divided by 18?
11
Calculate the remainder when 202 is divided by 35.
27
What is the remainder when 632 is divided by 12?
8
Calculate the remainder when 455 is divided by 145.
20
What is the remainder when 5739 is divided by 140?
139
What is the remainder when 392 is divided by 40?
32
Calculate the remainder when 161 is divided by 56.
49
Calculate the remainder when 242 is divided by 13.
8
Calculate the remainder when 34009 is divided by 19.
18
What is the remainder when 117 is divided by 23?
2
What is the remainder when 361 is divided by 94?
79
Calculate the remainder when 142 is divided by 101.
41
Calculate the remainder when 542 is divided by 141.
119
What is the remainder when 804 is divided by 156?
24
What is the remainder when 199 is divided by 20?
19
What is the remainder when 1122 is divided by 24?
18
What is the remainder when 1795 is divided by 896?
3
What is the remainder when 412 is divided by 117?
61
What is the remainder when 775 is divided by 111?
109
Calculate the remainder when 19980 is divided by 16.
12
Calculate the remainder when 449 is divided by 45.
44
Calculate the remainder when 320 is divided by 19.
16
What is the remainder when 655 is divided by 296?
63
What is the remainder when 585 is divided by 264?
57
Calculate the remainder when 743 is divided by 10.
3
Calculate the remainder when 2164 is divided by 57.
55
What is the remainder when 132 is divided by 45?
42
What is the remainder when 89 is divided by 59?
30
What is the remainder when 477 is divided by 24?
21
Calculate the remainder when 193 is divided by 71.
51
What is the remainder when 328 is divided by 122?
84
Calculate the remainder when 944 is divided by 934.
10
Calculate the remainder when 613 is divided by 22.
19
What is the remainder when 1905 is divided by 30?
15
What is the remainder when 724 is divided by 29?
28
What is the remainder when 705 is divided by 343?
19
Calculate the remainder when 220 is divided by 68.
16
Calculate the remainder when 41 is divided by 6.
5
What is the remainder when 2478 is divided by 103?
6
Calculate the remainder when 163 is divided by 95.
68
Calculate the remainder when 190 is divided by 27.
1
What is the remainder when 813 is divided by 103?
92
Calculate the remainder when 94 is divided by 25.
19
What is the remainder when 632 is divided by 35?
2
What is the remainder when 928 is divided by 188?
176
What is the remainder when 320 is divided by 14?
12
What is the remainder when 289 is divided by 149?
140
What is the remainder when 240 is divided by 99?
42
Calculate the remainder when 55 is divided by 15.
10
What is the remainder when 754 is divided by 151?
150
What is the remainder when 790 is divided by 232?
94
Calculate the remainder when 558 is divided by 84.
54
Calculate the remainder when 3368 is divided by 20.
8
Calculate the remainder when 134 is divided by 27.
26
What is the remainder when 34337 is divided by 202?
199
Calculate the remainder when 858 is divided by 426.
6
Calculate the remainder when 133 is divided by 39.
16
What is the remainder when 300 is divided by 32?
12
What is the remainder when 849 is divided by 37?
35
Calculate the remainder when 355 is divided by 34.
15
What is the remainder when 383 is divided by 64?
63
Calculate the remainder when 8245 is divided by 266.
265
What is the remainder when 176 is divided by 12?
8
What is the remainder when 2318 i